vert 10100110110101110000 (base 2) to base 14.
13b088
Convert 2657a (base 13) to base 4.
101121102
What is -16394a (base 16) in base 14?
-29caca
What is 10110110011101100011 (base 2) in base 3?
1101222012010
-30250252 (base 6) to base 9
-1553325
What is 1011332133 (base 4) in base 12?
119a53
Convert 338911 (base 10) to base 7.
2611036
50355 (base 11) to base 4
101332130
550525445 (base 6) to base 10
9840485
What is 1ac6a (base 13) in base 11?
36611
-267855 (base 10) to base 9
-447376
What is -123320101 (base 4) in base 13?
-3cc91
What is -464874 (base 10) in base 5?
-104333444
What is 2a0dd (base 14) in base 2?
11001100000010011
What is 734a2 (base 11) in base 13?
39978
-20121120022 (base 3) to base 2
-11111110001111111
22100331302 (base 4) to base 7
31605164
101101111110100110 (base 2) to base 9
316301
Convert -410240202 (base 5) to base 15.
-228abc
Convert -226595 (base 10) to base 15.
-47215
What is -96088 (base 11) in base 10?
-139851
2102133112 (base 4) to base 7
5046223
What is 12612 (base 11) in base 6?
215310
Convert -10bc7 (base 16) to base 15.
-154a1
2b12845 (base 12) to base 6
511113325
Convert -234442130 (base 6) to base 16.
-437b26
476443 (base 12) to base 6
40402523
What is 1101001001001001 (base 2) in base 5?
3210313
-14042534 (base 6) to base 7
-4005124
-99310 (base 10) to base 9
-161204
What is 697870 (base 12) in base 15?
236933
Convert 110100011111010000011 (base 2) to base 14.
32ab2b
Convert -24320b (base 16) to base 8.
-11031013
-109348 (base 12) to base 8
-1005250
What is 9c273 (base 13) in base 6?
10030033
Convert -1200311210 (base 5) to base 9.
-5142735
What is 1221200200102 (base 3) in base 4?
3331031033
What is a10479 (base 13) in base 14?
6d5b2b
Convert 4124136 (base 8) to base 9.
2043445
What is 6043640 (base 7) in base 6?
23210425
Convert 1588933 (base 11) to base 9.
5073482
Convert -4a61 (base 12) to base 14.
-30db
-212112222200 (base 3) to base 14
-c0d6b
What is 1073d (base 15) in base 13?
1aa2b
Convert 2176557 (base 9) to base 3.
2012120121221
-7a3205 (base 12) to base 6
-105521205
81b289 (base 14) to base 12
1569b09
What is be2c6 (base 15) in base 9?
1121516
-5b6948 (base 12) to base 3
-2210101122002
Convert 2140320 (base 5) to base 11.
25850
What is 252126 (base 9) in base 4?
211032102
Convert 60149 (base 13) to base 10.
171596
Convert -16486983 (base 10) to base 5.
-13210040413
Convert -756131 (base 9) to base 15.
-8d7c1
Convert 5210576 (base 9) to base 2.
1010100111010010000010
What is -198b4f (base 16) in base 2?
-110011000101101001111
55624 (base 11) to base 15
18d42
1278872 (base 10) to base 14
2540c0
What is -5445220 (base 6) in base 10?
-270732
Convert 231350544 (base 7) to base 5.
12112234313
-11212201100111 (base 3) to base 4
-21320331010
-271200 (base 9) to base 4
-220100310
-64650 (base 7) to base 2
-11111011101011
What is -4330141 (base 5) in base 11?
-50498
5f57d (base 16) to base 5
44444100
213110310013 (base 4) to base 6
1004542131
718820 (base 13) to base 15
37427b
-545476 (base 8) to base 4
-230230332
What is -733b0 (base 13) in base 2?
-110010100101000000
Convert -248aa (base 16) to base 12.
-7274a
-2020021102022 (base 3) to base 11
-740395
Convert 2234004404 (base 5) to base 4.
103001002103
3367655 (base 8) to base 12
380665
254069 (base 12) to base 13
183b82
What is -1213032212 (base 4) in base 3?
-210111000002
-156705a (base 11) to base 15
-37c499
Convert -19532c (base 15) to base 12.
-4b5380
12063063 (base 7) to base 3
2000120200200
Convert -7634268 (base 9) to base 14.
-789216
Convert -1200210222 (base 4) to base 13.
-10b07b
-18af (base 16) to base 4
-1202233
What is 70422 (base 11) in base 4?
121021103
3100155 (base 6) to base 10
147815
Convert -10a173 (base 16) to base 4.
-10022011303
Convert -1001000000110101110100 (base 2) to base 11.
-1374186
What is -27baa3 (base 12) in base 5?
-132212022
-1b4a5a (base 16) to base 7
-21126206
What is -5768431 (base 10) in base 8?
-26002357
Convert -1032133103 (base 4) to base 3.
-121100000002
What is -423022 (base 8) in base 5?
-14001233
Convert 1023411031 (base 5) to base 16.
211aac
Convert 122414442 (base 7) to base 13.
17a3210
What is -1130600 (base 7) in base 14?
-39a37
-31101100122 (base 4) to base 5
-1342303204
Convert -12a919 (base 14) to base 3.
-1012201020112
Convert 21011141 (base 5) to base 4.
222021333
-3342204 (base 5) to base 8
-163256
What is 136b561 (base 13) in base 3?
102112210120200
Convert 265c9 (base 14) to base 13.
33cb8
-122002330 (base 4) to base 12
-518a4
What is 315605 (base 12) in base 9?
1413435
-21533 (base 7) to base 10
-5414
What is 132761 (base 8) in base 14?
12d8d
Convert 207532 (base 9) to base 13.
44375
Convert -11001000220 (base 3) to base 6.
-1411553
10020020000102 (base 3) to base 12
6a9632
What is -176a656 (base 11) in base 14?
-581873
Convert -5590a (base 12) to base 14.
-2d5a2
What is 1321213020 (base 4) in base 2?
1111001100111001000
Convert 110012121010 (base 3) to base 14.
637c8
Convert -93e239 (base 16) to base 8.
-44761071
Convert -51626504 (base 7) to base 6.
-233031535
-23120201331 (base 4) to base 11
-1758a73
152110312 (base 6) to base 2
1100001000110011100100
What is -3b8b00 (base 14) in base 12?
-834278
Convert -1327a2 (base 11) to base 16.
-32ed3
Convert -38928 (base 13) to base 10.
-104814
What is 23208 (base 16) in base 12?
6b320
Convert 101002000020 (base 3) to base 15.
3db49
403331104 (base 5) to base 4
12023230223
23c46a (base 15) to base 3
10012222121001
-2a0a676 (base 11) to base 14
-987411
Convert -1939119 (base 11) to base 5.
-1314331223
-2449264 (base 10) to base 16
-255f70
What is 104630255 (base 7) in base 3?
102221021202102
Convert -13011111021 (base 4) to base 12.
-756689
Convert 1120332443 (base 5) to base 6.
125455515
What is 10110111000000110111 (base 2) in base 10?
749623
Convert 20122021220102 (base 3) to base 7.
41665454
2303824 (base 10) to base 8
10623520
What is 12220204 (base 7) in base 2?
100001011111010001111
Convert -4212051 (base 6) to base 10.
-203935
Convert 100110001000111100011 (base 2) to base 10.
1249763
What is 113120304 (base 5) in base 11?
32581a
Convert -5540303 (base 6) to base 10.
-277455
119274 (base 11) to base 2
101101111001011010
-450a9 (base 12) to base 6
-1544333
Convert 6576 (base 16) to base 13.
ba90
Convert -1a958 (base 15) to base 5.
-10231413
20f36 (base 16) to base 5
13304331
402204404 (base 5) to base 6
54150112
-101202222200100 (base 3) to base 16
-57651f
What is d8c81 (base 15) in base 11?
42a956
2621b1 (base 12) to base 9
1153407
Convert -20532700 (base 8) to base 10.
-4371904
Convert 5502721 (base 8) to base 16.
1685d1
2122120000110 (base 3) to base 6
50104320
What is 18ba24c (base 13) in base 5?
4040234241
-301004 (base 9) to base 5
-21143010
What is 2ebd5 (base 15) in base 6?
3123515
Convert -232011 (base 5) to base 13.
-3a79
What is -1403365 (base 8) in base 3?
-202001211112
-23211113 (base 9) to base 10
-11285742
What is 75808 (base 12) in base 4?
211311020
What is 377380 (base 10) in base 3?
201011200001
18025687 (base 9) to base 14
12b8ab3
1215623 (base 7) to base 8
460052
Convert 258590 (base 14) to base 5.
312301121
Convert -2a0a0 (base 15) to base 12.
-66266
What is -118048 (base 10) in base 9?
-188834
Convert -351c9 (base 13) to base 10.
-97002
What is -11200002001 (base 3) in base 6?
-1545301
Convert 10c3233 (base 15) to base 14.
184851a
-12372c (base 14) to base 2
-10011000011010101100
Convert -14176656 (base 8) to base 2.
-1100001111110110101110
What is -10011000011101101100 (base 2) in base 9?
-1151570
-14304331 (base 5) to base 4
-210300333
What is -638806 (base 14) in base 16?
-335b56
Convert -61617 (base 10) to base 3.
-10010112010
What is 61017 (base 12) in base 15?
275ad
What is -102432043 (base 5) in base 4?
-1222210223
Convert 1250358 (base 11) to base 3.
11002002222011
What is 4071314 (base 8) in base 13?
2b9864
63a16 (base 12) to base 2
11111111111110010
What is 210119b (base 13) in base 7?
151142263
222433401 (base 5) to base 15
146686
What is 376546 (base 8) in base 15?
2898b
What is -46236003 (base 7) in base 6?
-222353200
Convert -540565 (base 7) to base 4.
-112323223
What is 562213 (base 11) in base 6?
31112123
What is -6030511 (base 8) in base 3?
-2222112212112
What is 2001110212012 (base 3) in base 14?
205d